-10
In base 4, what is -110 - 222?
-332
In base 12, what is -238 - 4?
-240
In base 10, what is 1590 + 8?
1598
In base 13, what is 328 - -3?
32b
In base 15, what is -515 - 4?
-519
In base 3, what is -110 + -1110101?
-1110211
In base 14, what is 10 + 5a?
6a
In base 2, what is 11110001 - 1011110?
10010011
In base 8, what is 3675 - -3?
3700
In base 11, what is -139 - 1?
-13a
In base 2, what is 110001 + 1010?
111011
In base 16, what is -5 + 4?
-1
In base 14, what is 26 + -233?
-20b
In base 6, what is 404 + 1?
405
In base 11, what is 78 - 4?
74
In base 14, what is 2d + 5?
34
In base 7, what is 0 - 10146?
-10146
In base 2, what is -1 + 10100011?
10100010
In base 4, what is 11121 + -11?
11110
In base 16, what is -5 + 333?
32e
In base 13, what is 1 - -206?
207
In base 14, what is 5 + 1536?
153b
In base 11, what is -1 + -392?
-393
In base 5, what is -202 - 40?
-242
In base 9, what is -5 - 82?
-87
In base 14, what is 5 + -75a?
-755
In base 6, what is 5 - -2134?
2143
In base 16, what is 5 - -26?
2b
In base 13, what is -15 - 13?
-28
In base 7, what is 2 - 2346?
-2344
In base 14, what is -4 - -2?
-2
In base 13, what is 5 - 16?
-11
In base 15, what is -1c + c?
-10
In base 11, what is -424 - -3?
-421
In base 15, what is 428 - -4?
42c
In base 14, what is 3 + -8b?
-88
In base 9, what is -218 - 4?
-223
In base 9, what is 4 - -336?
341
In base 12, what is -12941 - -3?
-1293a
In base 16, what is 7f - 5?
7a
In base 8, what is 235 + -3?
232
In base 11, what is -a17 - 4?
-a20
In base 5, what is 3 + 124300?
124303
In base 6, what is -513 + -241?
-1154
In base 16, what is 1 - -23b?
23c
In base 14, what is 45 + -3?
42
In base 4, what is 1 + 23023?
23030
In base 5, what is 320 + -433?
-113
In base 14, what is 2a6 + -2?
2a4
In base 11, what is -2a89 + -5?
-2a93
In base 10, what is 367 - 4?
363
In base 15, what is 0 - 1e?
-1e
In base 10, what is 1506 + 4?
1510
In base 9, what is -2 - -1245?
1243
In base 2, what is 10 - 10001100?
-10001010
In base 6, what is -145 - 32?
-221
In base 15, what is -3 + a5d?
a5a
In base 2, what is -100111001 - -1010?
-100101111
In base 8, what is -164 + 25?
-137
In base 10, what is -137 - 19?
-156
In base 14, what is 9ad + 2?
9b1
In base 9, what is 8 - 58?
-50
In base 13, what is 5 + -7c?
-77
In base 16, what is 5 - 48?
-43
In base 12, what is -39 - 13?
-50
In base 11, what is 4743 - -1?
4744
In base 4, what is -1 + 3112?
3111
In base 12, what is 54b8 + 0?
54b8
In base 13, what is -6 + -65a?
-663
In base 8, what is -5 - 6?
-13
In base 15, what is 11a + -3?
117
In base 3, what is 1 - 110?
-102
In base 9, what is -70 - 5?
-75
In base 11, what is -1 + 526?
525
In base 2, what is 10 - -1100100?
1100110
In base 6, what is -30411 - 11?
-30422
In base 13, what is -22b + 1b?
-210
In base 10, what is 2154 - -5?
2159
In base 14, what is -4 + 72?
6c
In base 10, what is -294 - -3?
-291
In base 14, what is 5 - 191?
-18a
In base 7, what is 5 - -2415?
2423
In base 3, what is -20010 - 11?
-20021
In base 8, what is -25404 + -4?
-25410
In base 12, what is -32 + -19?
-4b
In base 11, what is -270 + 11?
-25a
In base 4, what is -12 - 312?
-330
In base 4, what is -3321123 - 2?
-3321131
In base 7, what is 3122 + -6?
3113
In base 5, what is 1001332 - -10?
1001342
In base 16, what is 4 + 4?
8
In base 2, what is -100111 + 10111000?
10010001
In base 6, what is -344 - -25?
-315
In base 10, what is 155 - 28?
127
In base 12, what is -18a4 - 1?
-18a5
In base 15, what is db8 + 2?
dba
In base 8, what is -1 - -1764?
1763
In base 13, what is -2aa6 + 2?
-2aa4
In base 5, what is -102 + -1332?
-1434
In base 6, what is 14503 - 0?
14503
In base 8, what is -7 + -6?
-15
In base 2, what is 11000001101 - 0?
11000001101
In base 4, what is 10110 + 11?
10121
In base 2, what is -1110 + -11?
-10001
In base 13, what is 3 - 492?
-48c
In base 12, what is -3 + a7?
a4
In base 7, what is 36111 - 2?
36106
In base 14, what is 3c + a?
48
In base 13, what is -5 + 66b?
666
In base 2, what is -1101000110 + 11?
-1101000011
In base 13, what is 99 + -5?
94
In base 2, what is 101 - 10100?
-1111
In base 13, what is 158 - 7?
151
In base 14, what is -bc5 - -4?
-bc1
In base 11, what is -1138 - -1?
-1137
In base 4, what is -3211 + 11?
-3200
In base 9, what is -2 + -21?
-23
In base 12, what is -9 + 7?
-2
In base 11, what is -8 + 15?
8
In base 9, what is 1 - 33?
-32
In base 14, what is 3 + 284?
287
In base 8, what is 3 + -336?
-333
In base 10, what is -1 + -84?
-85
In base 15, what is -2a - 3?
-2d
In base 13, what is -10 - 7?
-17
In base 7, what is 320 - 21?
266
In base 2, what is -1110000 - 11010?
-10001010
In base 7, what is -10 + 1260?
1250
In base 3, what is 11020 - 111012?
-22222
In base 12, what is 538 - -3?
53b
In base 16, what is 2 - -4a?
4c
In base 7, what is -4163 + -4?
-4200
In base 14, what is 35c + -5?
357
In base 8, what is -3 + 66?
63
In base 7, what is 221 + 311?
532
In base 8, what is 35 + 216?
253
In base 16, what is 9 + -89c?
-893
In base 12, what is 0 - 164?
-164
In base 7, what is -5 - -61?
53
In base 7, what is -12 - 1460?
-1502
In base 15, what is 403 + -4?
3ee
In base 12, what is 1 - 4?
-3
In base 3, what is -112121 + 10?
-112111
In base 6, what is -3 - -105?
102
In base 4, what is 12 - -131?
203
In base 8, what is 1 - 175?
-174
In base 12, what is 16b + 2?
171
In base 11, what is -163a5 + -2?
-163a7
In base 5, what is 33 - 132?
-44
In base 10, what is -116 - -3?
-113
In base 3, what is 221 + -112?
102
In base 3, what is 211 - 2?
202
In base 12, what is 1b04 - 4?
1b00
In base 8, what is -437 + -145?
-604
In base 13, what is -1c2 - 15?
-207
In base 10, what is -819 + 4?
-815
In base 7, what is 166 - -244?
443
In base 3, what is -12 + -2100?
-2112
In base 16, what is 106 + 2?
108
In base 12, what is -4 + -89?
-91
In base 5, what is 1 - -33?
34
In base 3, what is -20020010 - -10?
-20020000
In base 9, what is -13 + -18?
-32
In base 4, what is -2 - 200?
-202
In base 4, what is 103023 + -10?
103013
In base 7, what is 0 - -341?
341
In base 8, what is -6735 - -4?
-6731
In base 2, what is 11 + -11001?
-10110
In base 6, what is -21 + -232?
-253
In base 16, what is 1 + -1c1?
-1c0
In base 16, what is 5 + 15f0?
15f5
In base 16, what is -23 + -5?
-28
In base 5, what is -20 + 1?
-14
In base 7, what is -1420 + 0?
-1420
In base 15, what is b - 3a?
-2e
In base 16, what is bc2 - -2?
bc4
In base 7, what is 11 + 20?
31
In base 11, what is 0 + 42?
42
In base 10, what is 388 + -13?
375
In base 3, what is 21 - -121?
212
In base 6, what is -13 - -202?
145
In base 6, what is 131325 - -1?
131330
In base 9, what is -87 + -5?
-103
In base 5, what is -1 + -1421?
-1422
In base 16, what is 227 - -2?
229
In base 5, what is 412 - -1?
413
In base 3, what is -2101002 + 10?
-2100222
In base 6, what is -54 - -5?
-45
In base 12, what is 387 + 4?
38b
In base 5, what is 3 + 344?
402
In base 7, what is 32 - -10?
42
In base 6, what is 350420 + -5?
350411
In base 11, what is 4 + -1a59?
-1a55
In base 16, what is 9 + 1c?
25
In base 15, what is d + 48?
56
In base 4, what is -100 + 12?
-22
In base 4, what is 22 + -2112?
-2030
In base 8, what is -1 + 172?
171
In base 9, what is 2 - 745?
-743
In base 2, what is -101110 - 1010100?
-10000010
In base 10, what is -27 + 4?
-23
In base 2, what is 110 - -11001101?
11010011
In base 10, what is -318 + -5?
-323
In base 11, what is 8 + -5a6?
-599
In base 14, what is -24 - -12?
-12
In base 6, what is 32151 + -1?
32150
In base 6, what is -3323 + 3?
-3320
In base 6, what is -35 + 25?
-10
In base 4, what is -20 - -10?
-10
In base 7, what is -2 + 342?
340
In base 8, what is -3 + 137?
134
In base 15, what is 0 + -c3?
-c3
In base 15, what is -4 - 63?
-67
In base 15, what is -3 - 6?
-9
In base 13, what is -5 - -517?
512
In base 16, what is -2f0 + -5?
-2f5
In base 9, what is -12 + 18?
6
In base 13, what is 11 + -28?
-17
In base 12, what is -109 - -aa?
-1b
In base 16, what is 13e - -4?
142
In base 7, what is -1 + 261?
260
In base 3, what is 10 - 12011011?
-12011001
In base 11, what is 2 - -255?
257
In base 9, what is 131 - 10?
121
In base 9, what is -1 + -437?
-438
In base 13, what is -14 + 25?
11
In base 15, what is -7 - -3d?
36
In base 2, what is 1001011 - 1?
1001010
In base 6, what is 25451 - -3?
25454
In base 7, what is 1 + 142?
143
In base 11, what is -4 - -111?
108
In base 14, what is 1 - -1?
2
In base